{"id":1173,"date":"2024-08-23T09:17:16","date_gmt":"2024-08-23T12:17:16","guid":{"rendered":"https:\/\/ba-cup.com\/new\/?page_id=1173"},"modified":"2024-08-27T08:30:35","modified_gmt":"2024-08-27T11:30:35","slug":"pagamento","status":"publish","type":"page","link":"https:\/\/ba-cup.com\/new\/pt\/pagamento\/","title":{"rendered":"pagamento"},"content":{"rendered":"<div class=\"wpb-content-wrapper\"><p>[vc_row css_animation=\u00bb\u00bb row_type=\u00bbrow\u00bb use_row_as_full_screen_section=\u00bbno\u00bb type=\u00bbfull_width\u00bb angled_section=\u00bbno\u00bb text_align=\u00bbleft\u00bb background_image_as_pattern=\u00bbwithout_pattern\u00bb][vc_column][vc_single_image image=\u00bb760&#8243; img_size=\u00bbfull\u00bb qode_css_animation=\u00bb\u00bb][\/vc_column][\/vc_row][vc_row css_animation=\u00bb\u00bb row_type=\u00bbrow\u00bb use_row_as_full_screen_section=\u00bbno\u00bb type=\u00bbfull_width\u00bb angled_section=\u00bbno\u00bb text_align=\u00bbleft\u00bb background_image_as_pattern=\u00bbwithout_pattern\u00bb css=\u00bb.vc_custom_1724190567036{background-color: #51ce2f !important;}\u00bb z_index=\u00bb\u00bb][vc_column][vc_empty_space][vc_row_inner row_type=\u00bbrow\u00bb type=\u00bbgrid\u00bb text_align=\u00bbcenter\u00bb css_animation=\u00bb\u00bb][vc_column_inner width=\u00bb1\/6&#8243;][\/vc_column_inner][vc_column_inner width=\u00bb2\/3&#8243;][vc_column_text]<\/p>\n<h3><span style=\"color: #ffffff;\">Voc\u00ea est\u00e1 prestes a efetuar um pagamento com cart\u00e3o de cr\u00e9dito.<\/span><\/h3>\n<p>[\/vc_column_text][vc_empty_space]<a  itemprop=\"url\" href=\"https:\/\/www.fundagol.org\/doar\" target=\"_self\"  class=\"qbutton  medium center default  qode-button-shadow\" style=\"border-radius: 5px;-moz-border-radius: 5px;-webkit-border-radius: 5px; background-color:#319e2c;\">PAGUE ACEITANDO OS TERMOS E CONDICOES<i class=\"qode_icon_font_awesome fa fa-credit-card qode_button_icon_element\"><\/i><\/a>[vc_empty_space][\/vc_column_inner][vc_column_inner width=\u00bb1\/6&#8243;][\/vc_column_inner][\/vc_row_inner][vc_empty_space][\/vc_column][\/vc_row][vc_row css_animation=\u00bb\u00bb row_type=\u00bbrow\u00bb use_row_as_full_screen_section=\u00bbno\u00bb type=\u00bbfull_width\u00bb angled_section=\u00bbno\u00bb text_align=\u00bbleft\u00bb background_image_as_pattern=\u00bbwithout_pattern\u00bb][vc_column][vc_row_inner row_type=\u00bbrow\u00bb type=\u00bbfull_width\u00bb text_align=\u00bbcenter\u00bb css_animation=\u00bb\u00bb side_padding=\u00bb2&#8243;][vc_column_inner][vc_empty_space]<div class=\"qode-accordion-holder clearfix qode-toggle qode-initial \">\n\t<h4 class=\"clearfix qode-title-holder\">\n<span class=\"qode-tab-title\">\n\t\t\t<span class=\"qode-tab-title-icon\">\n\t\t\t<i class=\"qode_icon_font_awesome fa fa-check \" ><\/i>\t\t<\/span>\n\t    <span class=\"qode-tab-title-inner\">\n        VEJA TERMOS E CONDI\u00c7\u00d5ES    <\/span>\n<\/span>\n<span class=\"qode-accordion-mark\">\n    <span class=\"qode-accordion-mark-icon\">\n        <span class=\"icon_plus\"><\/span>\n        <span class=\"icon_minus-06\"><\/span>\n    <\/span>\n<\/span>\n<\/h4>\n<div  class=\"qode-accordion-content qode-acc-title-with-icon\" >\n    <div class=\"qode-accordion-content-inner\">\n        [vc_column_text]<strong>Fundaci\u00f3n Gol:<\/strong> International Soccer Cultural Exchange Foundation<\/p>\n<p>Tel: +1 (650) 873-5064 www.fundagol.org<\/p>\n<p><strong>TERMOS E CONDI\u00c7\u00d5ES DE COMPRA<\/strong><\/p>\n<hr \/>\n<p>Entre a organiza\u00e7\u00e3o Fundaci\u00f3n Gol com sede na Calif\u00f3rnia, Estados Unidos da Am\u00e9rica, e o titular do cart\u00e3o de cr\u00e9dito e\/ou d\u00e9bito, ou titular da conta banc\u00e1ria pela qual \u00e9 realizada a transfer\u00eancia banc\u00e1ria, \u00e9 celebrado o seguinte contrato de presta\u00e7\u00e3o de servi\u00e7os de turismo esportivo no marco da copa internacional BA Cup, e outros servi\u00e7os \/ eventos oficiais da Fundaci\u00f3n Gol, sob os seguintes termos e condi\u00e7\u00f5es:<\/p>\n<p>&nbsp;<\/p>\n<p>\u2013 A Fundaci\u00f3n Gol se compromete em providenciar os servi\u00e7os oficiais pre-estabelecidos do torneio BA Cup e outros servi\u00e7os \/ eventos oficiais da Fundaci\u00f3n Gol, segundo o contrato de servi\u00e7os enviado e aceito pelo respons\u00e1vel do grupo.<\/p>\n<p>&nbsp;<\/p>\n<p>\u2013 Para os pagamentos em cart\u00e3o de credito ou debito online n\u00e3o haver\u00e1 acr\u00e9scimo se nenhum gasto administrativo. Em\u00a0caso de transfer\u00eancia banc\u00e1ria,\u00a0o contratante dos servi\u00e7os\u00a0da Fundaci\u00f3n Gol\u00a0dever\u00e1 se encarregar dos gastos de transfer\u00eancias do\u00a0banco emissor\u00a0respons\u00e1vel pela(s) opera\u00e7\u00e3o (\u00f5es).<\/p>\n<p>&nbsp;<\/p>\n<p>\u2013 A Fundaci\u00f3n Gol se compromete em cumprir com o dito anteriormente, sempre e quando sejam cumpridos os termos e datas pr\u00e9-estabelecidas de pagamento. Dessa forma, n\u00e3o responder\u00e1 por mudan\u00e7as que possam acontecer devido ao n\u00e3o pagamento estabelecido.<\/p>\n<p>&nbsp;<\/p>\n<p>\u2013 O titular do cart\u00e3o com o qual ser\u00e1 realizado o pagamento tamb\u00e9m ser\u00e1 respons\u00e1vel pelo comportamento e consequ\u00eancias de todos os viajantes aos quais se aplicam esse pagamento. Favor rever Regras de Comportamento no site do torneio (<a href=\"http:\/\/www.ba-cup.com\/\">www.ba-cup.com<\/a>) ou solicitar mesmas via e-mail.<\/p>\n<p>&nbsp;<\/p>\n<p>\u2013 Casos Fortuitos ou For\u00e7a Maior: A Fundaci\u00f3n Gol n\u00e3o assume responsabilidade alguma caso n\u00e3o seja poss\u00edvel (por causa fortuita ou for\u00e7a maior), o cumprimento de qualquer das obriga\u00e7\u00f5es estabelecidas no presente contrato. S\u00e3o consideradas causas fortuitas ou for\u00e7a maior: terremotos, furac\u00f5es, outros sinistros, n\u00e3o cumprimento das companhias a\u00e9reas em seus itiner\u00e1rios de viagem, atos ou consequ\u00eancia de vandalismo, terrorismo e como\u00e7\u00e3o social, greves, e\/ou demais feitos imprevis\u00edveis devidamente justificados, bem como problemas migrat\u00f3rios que impe\u00e7am entrada\/sa\u00edda para\/desde o pa\u00eds da delega\u00e7\u00e3o e\/ou pessoas, prejudicando assim o uso dos servi\u00e7os contratados.<\/p>\n<p>&nbsp;<\/p>\n<p>\u2013 Desist\u00eancia da viagem: As equipes que solicitarem reembolso dos gastos de hospedagem, transportes e alimenta\u00e7\u00e3o, os mesmos somente ser\u00e3o realizados se recebermos o aviso da n\u00e3o participa\u00e7\u00e3o, 90 (noventa) dias antes da data de viagem.<\/p>\n<p>&nbsp;<\/p>\n<p>\u2013 A inscri\u00e7\u00e3o do jogador n\u00e3o \u00e9 reembols\u00e1vel. Em caso de que algum participante decida-se por desistir da viagem fora dos 90 (noventa) dias pr\u00e9vios, a Fundaci\u00f3n Gol n\u00e3o realizar\u00e1 devolu\u00e7\u00e3o alguma de valores pagos, por nenhum motivo. No entanto, estes valores poder\u00e3o ser usados por outra pessoa em substitui\u00e7\u00e3o, dentro da mesma delega\u00e7\u00e3o e para a mesma edi\u00e7\u00e3o do torneio, sempre e quando esta troca seja solicitada com um aviso pr\u00e9vio de ao menos 30 (trinta) dias antes do in\u00edcio da viagem.<\/p>\n<p>&nbsp;<\/p>\n<p>\u2013 Problemas Migrat\u00f3rios: A Fundaci\u00f3n Gol e\/ou os organizadores dos eventos n\u00e3o realizar\u00e3o devolu\u00e7\u00e3o alguma de valores pagos em caso de problemas migrat\u00f3rios como, n\u00e3o permiss\u00e3o de entrada ao pa\u00eds, por falta de cumprimento para com os requisitos tanto de entrada e sa\u00edda com menores\/adultos ao pa\u00eds de destino, bem como os mesmos requisitos solicitados pelo pa\u00eds de origem. \u00c9 de responsabilidade do contratante do servi\u00e7o (titular do pagamento) e do grupo com o qual viajar\u00e1 consultas e contatos com o consulado e\/ou organismo do governo mais pr\u00f3ximo \u00e0 sua cidade, para assim estarem informados de todos os requisitos obrigat\u00f3rios. Estes requerimentos legais que possam ser solicitados s\u00e3o de responsabilidade \u00fanica dos pais e respons\u00e1veis de cada delega\u00e7\u00e3o, n\u00e3o correspondendo \u00e0 Fundaci\u00f3n Gol.<\/p>\n<p>&nbsp;<\/p>\n<p>\u2013 Reclama\u00e7\u00f5es e reembolsos por fraude: A Fundaci\u00f3n Gol e\/ou organizadores dos eventos n\u00e3o realizar\u00e3o devolu\u00e7\u00e3o alguma de valores pagos, seja tanto por motivos anteriormente mencionados, tanto como para qualquer outro caso que n\u00e3o haja sido mencionado nos tais itens, tenha a inten\u00e7\u00e3o de fraude ou n\u00e3o, por parte do titular do cart\u00e3o ou qualquer membro da delega\u00e7\u00e3o.<\/p>\n<p>Realizando o pagamento em esp\u00e9cie, com cart\u00e3o de cr\u00e9dito e\/ou d\u00e9bito, ou transfer\u00eancia banc\u00e1ria, voc\u00ea est\u00e1 aceitando os termos e condi\u00e7\u00f5es apresentados neste documento.[\/vc_column_text]    <\/div>\n<\/div><\/div>[\/vc_column_inner][\/vc_row_inner][vc_empty_space][\/vc_column][\/vc_row]<\/p>\n<\/div>","protected":false},"excerpt":{"rendered":"<p>[vc_row css_animation=\u00bb\u00bb row_type=\u00bbrow\u00bb use_row_as_full_screen_section=\u00bbno\u00bb type=\u00bbfull_width\u00bb angled_section=\u00bbno\u00bb text_align=\u00bbleft\u00bb background_image_as_pattern=\u00bbwithout_pattern\u00bb][vc_column][vc_single_image image=\u00bb760&#8243; img_size=\u00bbfull\u00bb qode_css_animation=\u00bb\u00bb][\/vc_column][\/vc_row][vc_row css_animation=\u00bb\u00bb row_type=\u00bbrow\u00bb use_row_as_full_screen_section=\u00bbno\u00bb type=\u00bbfull_width\u00bb angled_section=\u00bbno\u00bb text_align=\u00bbleft\u00bb background_image_as_pattern=\u00bbwithout_pattern\u00bb css=\u00bb.vc_custom_1724190567036{background-color: #51ce2f !important;}\u00bb z_index=\u00bb\u00bb][vc_column][vc_empty_space][vc_row_inner row_type=\u00bbrow\u00bb type=\u00bbgrid\u00bb text_align=\u00bbcenter\u00bb css_animation=\u00bb\u00bb][vc_column_inner width=\u00bb1\/6&#8243;][\/vc_column_inner][vc_column_inner width=\u00bb2\/3&#8243;][vc_column_text] Voc\u00ea est\u00e1&#8230;<\/p>\n","protected":false},"author":2,"featured_media":0,"parent":0,"menu_order":0,"comment_status":"closed","ping_status":"closed","template":"full_width.php","meta":{"footnotes":""},"class_list":["post-1173","page","type-page","status-publish","hentry"],"_links":{"self":[{"href":"https:\/\/ba-cup.com\/new\/wp-json\/wp\/v2\/pages\/1173","targetHints":{"allow":["GET"]}}],"collection":[{"href":"https:\/\/ba-cup.com\/new\/wp-json\/wp\/v2\/pages"}],"about":[{"href":"https:\/\/ba-cup.com\/new\/wp-json\/wp\/v2\/types\/page"}],"author":[{"embeddable":true,"href":"https:\/\/ba-cup.com\/new\/wp-json\/wp\/v2\/users\/2"}],"replies":[{"embeddable":true,"href":"https:\/\/ba-cup.com\/new\/wp-json\/wp\/v2\/comments?post=1173"}],"version-history":[{"count":4,"href":"https:\/\/ba-cup.com\/new\/wp-json\/wp\/v2\/pages\/1173\/revisions"}],"predecessor-version":[{"id":1295,"href":"https:\/\/ba-cup.com\/new\/wp-json\/wp\/v2\/pages\/1173\/revisions\/1295"}],"wp:attachment":[{"href":"https:\/\/ba-cup.com\/new\/wp-json\/wp\/v2\/media?parent=1173"}],"curies":[{"name":"wp","href":"https:\/\/api.w.org\/{rel}","templated":true}]}}