{"id":1364,"date":"2024-08-28T10:01:26","date_gmt":"2024-08-28T13:01:26","guid":{"rendered":"https:\/\/ba-cup.com\/new\/?page_id=1364"},"modified":"2024-09-16T12:22:25","modified_gmt":"2024-09-16T15:22:25","slug":"nuestra-organizacion","status":"publish","type":"page","link":"https:\/\/ba-cup.com\/new\/nuestra-organizacion\/","title":{"rendered":"Nuestra Organizaci\u00f3n"},"content":{"rendered":"<div class=\"wpb-content-wrapper\"><p>[vc_row css_animation=\u00bb\u00bb row_type=\u00bbrow\u00bb use_row_as_full_screen_section=\u00bbno\u00bb type=\u00bbfull_width\u00bb angled_section=\u00bbno\u00bb text_align=\u00bbleft\u00bb background_image_as_pattern=\u00bbwithout_pattern\u00bb][vc_column][vc_single_image image=\u00bb760&#8243; img_size=\u00bbfull\u00bb qode_css_animation=\u00bb\u00bb][\/vc_column][\/vc_row][vc_row css_animation=\u00bb\u00bb row_type=\u00bbrow\u00bb use_row_as_full_screen_section=\u00bbno\u00bb type=\u00bbgrid\u00bb angled_section=\u00bbno\u00bb text_align=\u00bbleft\u00bb background_image_as_pattern=\u00bbwithout_pattern\u00bb][vc_column][vc_empty_space height=\u00bb42px\u00bb][vc_column_text]<\/p>\n<h2><span style=\"color: #ff6600;\">BA Cup fue creada en 2009, con la primer edici\u00f3n hecha en \u00a02011.<\/span><\/h2>\n<p>[\/vc_column_text][vc_empty_space height=\u00bb42px\u00bb][\/vc_column][\/vc_row][vc_row css_animation=\u00bb\u00bb row_type=\u00bbrow\u00bb use_row_as_full_screen_section=\u00bbno\u00bb type=\u00bbgrid\u00bb angled_section=\u00bbno\u00bb text_align=\u00bbleft\u00bb background_image_as_pattern=\u00bbwithout_pattern\u00bb][vc_column width=\u00bb1\/2&#8243;][vc_column_text]BA Cup es una organizaci\u00f3n internacional de f\u00fatbol que fue creada en 2009, compuesta desde sus inicios por miembros de 15 nacionalidades, quienes encontraron en Buenos Aires por su tradici\u00f3n futbolera, cultural y cosmopolita el lugar ideal para realizar el Mundial de f\u00fatbol para clubes, escuelas de f\u00fatbol y colegios.<\/p>\n<p>La primera edici\u00f3n de BA Cup se realiz\u00f3 en Buenos Aires, Argentina en el 2011, y en la actualidad es el torneo de f\u00fatbol infanto juvenil m\u00e1s internacional de Am\u00e9rica.\u00a0 BA Cup es considerada por la prensa, organismos de deportes y turismo internacional como el \u201cevento deportivo del a\u00f1o\u201d.[\/vc_column_text][\/vc_column][vc_column width=\u00bb1\/2&#8243;][vc_column_text]A ello, hemos sumado la experiencia BA Cup en distintas ciudades del mundo como Las Vegas, Par\u00eds, y Canc\u00fan donde unimos la pasi\u00f3n por el f\u00fatbol y disfrutar destinos tur\u00edsticos inigualables.<\/p>\n<p>BA Cup es donde la pasi\u00f3n por el f\u00fatbol y el deseo de aventura se encuentran. Este torneo de f\u00fatbol amateur no solo brinda la oportunidad de competir en la cancha, sino que tambi\u00e9n te invita a descubrir algunos de los destinos m\u00e1s ic\u00f3nicos del mundo: Buenos Aires, Par\u00eds, Las Vegas y Canc\u00fan. Con BA Cup, cada partido es una experiencia inolvidable que trasciende el deporte, los jugadores no solo quieren levantar la copa, sino tambi\u00e9n el sue\u00f1o de conocer nuevas culturas, ciudades y amigos.[\/vc_column_text][\/vc_column][\/vc_row][vc_row css_animation=\u00bb\u00bb row_type=\u00bbrow\u00bb use_row_as_full_screen_section=\u00bbno\u00bb type=\u00bbfull_width\u00bb angled_section=\u00bbno\u00bb text_align=\u00bbleft\u00bb background_image_as_pattern=\u00bbwithout_pattern\u00bb][vc_column][vc_empty_space height=\u00bb42px\u00bb][\/vc_column][\/vc_row][vc_row css_animation=\u00bb\u00bb row_type=\u00bbrow\u00bb use_row_as_full_screen_section=\u00bbno\u00bb type=\u00bbgrid\u00bb angled_section=\u00bbno\u00bb text_align=\u00bbleft\u00bb background_image_as_pattern=\u00bbwithout_pattern\u00bb][vc_column width=\u00bb1\/2&#8243;][vc_video link=\u00bbhttps:\/\/www.youtube.com\/watch?v=IhVSRsm7nZ8&#8243;][\/vc_column][vc_column width=\u00bb1\/2&#8243;][vc_column_text]Como j\u00f3venes emprendedores con conciencia social creemos que el deporte es la herramienta m\u00e1s efectiva para educar a los ni\u00f1os y adolescentes al compartir experiencias y oportunidades con el esp\u00edritu de trabajo en equipo y juego limpio.<\/p>\n<p>Nuestro staff est\u00e1 compuesto por profesionales de la educaci\u00f3n en diferentes ramas y especialidades. En su mayor\u00eda fueron jugadores, y directores t\u00e9cnicos que aman a este deporte. Nos dedicamos a seleccionar a las instituciones educativas m\u00e1s respetadas de Am\u00e9rica y el mundo. Ser\u00eda un honor para nosotros contar con vuestra participaci\u00f3n en alguna de nuestras dos incre\u00edbles e inolvidables experiencias.<\/p>\n<p>Contamos con representantes en todo el mundo. P\u00eddenos nuestra lista de agentes y cont\u00e1ctate con el m\u00e1s cercano a tu ciudad para que te ayude a organizar tu viaje ahora.[\/vc_column_text][\/vc_column][\/vc_row][vc_row css_animation=\u00bb\u00bb row_type=\u00bbrow\u00bb use_row_as_full_screen_section=\u00bbno\u00bb type=\u00bbfull_width\u00bb angled_section=\u00bbno\u00bb text_align=\u00bbleft\u00bb background_image_as_pattern=\u00bbwithout_pattern\u00bb][vc_column][vc_empty_space height=\u00bb42px\u00bb][\/vc_column][\/vc_row]<\/p>\n<\/div>","protected":false},"excerpt":{"rendered":"<p>[vc_row css_animation=\u00bb\u00bb row_type=\u00bbrow\u00bb use_row_as_full_screen_section=\u00bbno\u00bb type=\u00bbfull_width\u00bb angled_section=\u00bbno\u00bb text_align=\u00bbleft\u00bb background_image_as_pattern=\u00bbwithout_pattern\u00bb][vc_column][vc_single_image image=\u00bb760&#8243; img_size=\u00bbfull\u00bb qode_css_animation=\u00bb\u00bb][\/vc_column][\/vc_row][vc_row css_animation=\u00bb\u00bb row_type=\u00bbrow\u00bb use_row_as_full_screen_section=\u00bbno\u00bb type=\u00bbgrid\u00bb angled_section=\u00bbno\u00bb text_align=\u00bbleft\u00bb background_image_as_pattern=\u00bbwithout_pattern\u00bb][vc_column][vc_empty_space height=\u00bb42px\u00bb][vc_column_text] BA Cup fue creada en 2009, con la primer edici\u00f3n hecha&#8230;<\/p>\n","protected":false},"author":2,"featured_media":0,"parent":0,"menu_order":0,"comment_status":"closed","ping_status":"closed","template":"full_width.php","meta":{"footnotes":""},"class_list":["post-1364","page","type-page","status-publish","hentry"],"_links":{"self":[{"href":"https:\/\/ba-cup.com\/new\/wp-json\/wp\/v2\/pages\/1364","targetHints":{"allow":["GET"]}}],"collection":[{"href":"https:\/\/ba-cup.com\/new\/wp-json\/wp\/v2\/pages"}],"about":[{"href":"https:\/\/ba-cup.com\/new\/wp-json\/wp\/v2\/types\/page"}],"author":[{"embeddable":true,"href":"https:\/\/ba-cup.com\/new\/wp-json\/wp\/v2\/users\/2"}],"replies":[{"embeddable":true,"href":"https:\/\/ba-cup.com\/new\/wp-json\/wp\/v2\/comments?post=1364"}],"version-history":[{"count":10,"href":"https:\/\/ba-cup.com\/new\/wp-json\/wp\/v2\/pages\/1364\/revisions"}],"predecessor-version":[{"id":1367,"href":"https:\/\/ba-cup.com\/new\/wp-json\/wp\/v2\/pages\/1364\/revisions\/1367"}],"wp:attachment":[{"href":"https:\/\/ba-cup.com\/new\/wp-json\/wp\/v2\/media?parent=1364"}],"curies":[{"name":"wp","href":"https:\/\/api.w.org\/{rel}","templated":true}]}}