{"id":1375,"date":"2024-08-28T10:22:02","date_gmt":"2024-08-28T13:22:02","guid":{"rendered":"https:\/\/ba-cup.com\/new\/?page_id=1375"},"modified":"2024-09-16T14:38:46","modified_gmt":"2024-09-16T17:38:46","slug":"nuestra-organizacionen-translationpt-translation","status":"publish","type":"page","link":"https:\/\/ba-cup.com\/new\/pt\/nuestra-organizacionen-translationpt-translation\/","title":{"rendered":"Nuestra Organizaci\u00f3n(pt translation)"},"content":{"rendered":"<div class=\"wpb-content-wrapper\"><p>[vc_row css_animation=\u00bb\u00bb row_type=\u00bbrow\u00bb use_row_as_full_screen_section=\u00bbno\u00bb type=\u00bbfull_width\u00bb angled_section=\u00bbno\u00bb text_align=\u00bbleft\u00bb background_image_as_pattern=\u00bbwithout_pattern\u00bb][vc_column][vc_single_image image=\u00bb760&#8243; img_size=\u00bbfull\u00bb qode_css_animation=\u00bb\u00bb][\/vc_column][\/vc_row][vc_row css_animation=\u00bb\u00bb row_type=\u00bbrow\u00bb use_row_as_full_screen_section=\u00bbno\u00bb type=\u00bbgrid\u00bb angled_section=\u00bbno\u00bb text_align=\u00bbleft\u00bb background_image_as_pattern=\u00bbwithout_pattern\u00bb][vc_column][vc_empty_space height=\u00bb42px\u00bb][vc_column_text]<\/p>\n<h2><span style=\"color: #ff6600;\">A BA Cup foi criada em 2009, com sua primeira edi\u00e7\u00e3o realizada em 2011.<\/span><\/h2>\n<p>[\/vc_column_text][vc_empty_space height=\u00bb42px\u00bb][\/vc_column][\/vc_row][vc_row css_animation=\u00bb\u00bb row_type=\u00bbrow\u00bb use_row_as_full_screen_section=\u00bbno\u00bb type=\u00bbgrid\u00bb angled_section=\u00bbno\u00bb text_align=\u00bbleft\u00bb background_image_as_pattern=\u00bbwithout_pattern\u00bb][vc_column width=\u00bb1\/2&#8243;][vc_column_text]A primeira edi\u00e7\u00e3o foi realizada em 2011, em Buenos Aires Argentina, e estamos orgulhosos de ser na atualidade, o torneio de futebol amador mais internacional da Am\u00e9rica. BA Cup \u00e9 considerada pela prensa, organismos de esportes e tur\u00edsticos internacionais como \u201co evento esportivo do ano\u201d.<\/p>\n<p>Somamos a experi\u00eancia BA Cup Las Vegas Mayor\u00b4s Cup, o evento que realizaremos junto com o Downtown Soccer Club e o governo da cidade de Las Vegas. Esta Copa surgiu h\u00e1 mais de 10 anos, e era antes focalizada para equipes escolares dos Estados Unids que procuram uma bolsa esportiva \u00a0nas melhores universidades. Desde 2018 oferecemos esta oportunidade para clubes, escolas de futebol e colegios de Latinoamerica![\/vc_column_text][\/vc_column][vc_column width=\u00bb1\/2&#8243;][vc_column_text]Adicionamos a experi\u00eancia da BA Cup em diversas cidades do mundo, como Las Vegas, Paris e Canc\u00fan, onde unimos a paix\u00e3o pelo futebol e o prazer de desfrutar destinos tur\u00edsticos incompar\u00e1veis.<\/p>\n<p>A BA Cup \u00e9 onde a paix\u00e3o pelo futebol e o desejo de aventura se encontram. Este torneio de futebol amador n\u00e3o s\u00f3 oferece a oportunidade de competir em campo, mas tamb\u00e9m convida a descobrir alguns dos destinos mais ic\u00f4nicos do mundo: Buenos Aires, Paris, Las Vegas e Canc\u00fan. Com a BA Cup, cada partida \u00e9 uma experi\u00eancia inesquec\u00edvel que transcende o esporte, onde os jogadores n\u00e3o s\u00f3 querem levantar a s\u00f3 querem levantar\u00a0o\u00a0trof\u00e9u, mas tamb\u00e9m realizar o sonho de conhecer novas culturas, cidades\u00a0e\u00a0amigos.[\/vc_column_text][\/vc_column][\/vc_row][vc_row css_animation=\u00bb\u00bb row_type=\u00bbrow\u00bb use_row_as_full_screen_section=\u00bbno\u00bb type=\u00bbfull_width\u00bb angled_section=\u00bbno\u00bb text_align=\u00bbleft\u00bb background_image_as_pattern=\u00bbwithout_pattern\u00bb][vc_column][vc_empty_space height=\u00bb42px\u00bb][\/vc_column][\/vc_row][vc_row css_animation=\u00bb\u00bb row_type=\u00bbrow\u00bb use_row_as_full_screen_section=\u00bbno\u00bb type=\u00bbgrid\u00bb angled_section=\u00bbno\u00bb text_align=\u00bbleft\u00bb background_image_as_pattern=\u00bbwithout_pattern\u00bb][vc_column width=\u00bb1\/2&#8243;][vc_video link=\u00bbhttps:\/\/www.youtube.com\/watch?v=IhVSRsm7nZ8&#8243;][\/vc_column][vc_column width=\u00bb1\/2&#8243;][vc_column_text]Nosso staff est\u00e1 composto por profissionais de professionais com diferentes ramas e especializa\u00e7\u00f5es. A maioria foram jogadores, diretores t\u00e9cnicos que amam este esporte. Dedicamos-nos a selecionar as institui\u00e7\u00f5es educativas mais respeitadas da Am\u00e9rica e do mundo. Seria uma honra contar com a sua participa\u00e7\u00e3o em alguma das nossas incr\u00edveis e inesquec\u00edveis experi\u00eancias.<\/p>\n<p>Temos representantes em todo o mundo, pe\u00e7a a nossa lista de agentes e entre em contato com o mais pr\u00f3ximo a tua cidade para que voc\u00ea tenha toda a ajuda para organizar a sua viagem.[\/vc_column_text][\/vc_column][\/vc_row][vc_row css_animation=\u00bb\u00bb row_type=\u00bbrow\u00bb use_row_as_full_screen_section=\u00bbno\u00bb type=\u00bbfull_width\u00bb angled_section=\u00bbno\u00bb text_align=\u00bbleft\u00bb background_image_as_pattern=\u00bbwithout_pattern\u00bb][vc_column][vc_empty_space height=\u00bb42px\u00bb][\/vc_column][\/vc_row]<\/p>\n<\/div>","protected":false},"excerpt":{"rendered":"<p>[vc_row css_animation=\u00bb\u00bb row_type=\u00bbrow\u00bb use_row_as_full_screen_section=\u00bbno\u00bb type=\u00bbfull_width\u00bb angled_section=\u00bbno\u00bb text_align=\u00bbleft\u00bb background_image_as_pattern=\u00bbwithout_pattern\u00bb][vc_column][vc_single_image image=\u00bb760&#8243; img_size=\u00bbfull\u00bb qode_css_animation=\u00bb\u00bb][\/vc_column][\/vc_row][vc_row css_animation=\u00bb\u00bb row_type=\u00bbrow\u00bb use_row_as_full_screen_section=\u00bbno\u00bb type=\u00bbgrid\u00bb angled_section=\u00bbno\u00bb text_align=\u00bbleft\u00bb background_image_as_pattern=\u00bbwithout_pattern\u00bb][vc_column][vc_empty_space height=\u00bb42px\u00bb][vc_column_text] A BA Cup foi criada em 2009, com sua primeira edi\u00e7\u00e3o&#8230;<\/p>\n","protected":false},"author":2,"featured_media":0,"parent":0,"menu_order":0,"comment_status":"closed","ping_status":"closed","template":"full_width.php","meta":{"footnotes":""},"class_list":["post-1375","page","type-page","status-publish","hentry"],"_links":{"self":[{"href":"https:\/\/ba-cup.com\/new\/wp-json\/wp\/v2\/pages\/1375","targetHints":{"allow":["GET"]}}],"collection":[{"href":"https:\/\/ba-cup.com\/new\/wp-json\/wp\/v2\/pages"}],"about":[{"href":"https:\/\/ba-cup.com\/new\/wp-json\/wp\/v2\/types\/page"}],"author":[{"embeddable":true,"href":"https:\/\/ba-cup.com\/new\/wp-json\/wp\/v2\/users\/2"}],"replies":[{"embeddable":true,"href":"https:\/\/ba-cup.com\/new\/wp-json\/wp\/v2\/comments?post=1375"}],"version-history":[{"count":6,"href":"https:\/\/ba-cup.com\/new\/wp-json\/wp\/v2\/pages\/1375\/revisions"}],"predecessor-version":[{"id":1609,"href":"https:\/\/ba-cup.com\/new\/wp-json\/wp\/v2\/pages\/1375\/revisions\/1609"}],"wp:attachment":[{"href":"https:\/\/ba-cup.com\/new\/wp-json\/wp\/v2\/media?parent=1375"}],"curies":[{"name":"wp","href":"https:\/\/api.w.org\/{rel}","templated":true}]}}