{"id":232,"date":"2017-10-19T13:15:13","date_gmt":"2017-10-19T13:15:13","guid":{"rendered":"http:\/\/bridge96.qodeinteractive.com\/?page_id=232"},"modified":"2024-09-06T15:38:51","modified_gmt":"2024-09-06T18:38:51","slug":"geba","status":"publish","type":"page","link":"https:\/\/ba-cup.com\/new\/geba\/","title":{"rendered":"Club GEBA"},"content":{"rendered":"<div class=\"wpb-content-wrapper\"><p>[vc_row css_animation=\u00bb\u00bb row_type=\u00bbrow\u00bb use_row_as_full_screen_section=\u00bbno\u00bb type=\u00bbgrid\u00bb angled_section=\u00bbno\u00bb text_align=\u00bbleft\u00bb background_image_as_pattern=\u00bbwithout_pattern\u00bb css=\u00bb.vc_custom_1509629631170{padding-top: 140px !important;padding-bottom: 55px !important;}\u00bb][vc_column offset=\u00bbvc_col-lg-8 vc_col-md-8 vc_col-xs-12&#8243;][vc_single_image image=\u00bb1548&#8243; img_size=\u00bbfull\u00bb qode_css_animation=\u00bb\u00bb][vc_empty_space height=\u00bb50px\u00bb][\/vc_column][vc_column offset=\u00bbvc_col-lg-4 vc_col-md-4 vc_col-xs-12&#8243;][vc_column_text]<\/p>\n<h3><span style=\"color: #ff6600;\">\u00bfD\u00f3nde se realiza <\/span><\/h3>\n<h3><span style=\"color: #ff6600;\">BA Cup Buenos Aires?<\/span><\/h3>\n<p>[\/vc_column_text][vc_empty_space height=\u00bb10px\u00bb][vc_column_text]<\/p>\n<h3>En el Club GEBA (Gimnasia y Esgrima de Buenos Aires)<\/h3>\n<p>[\/vc_column_text][vc_empty_space height=\u00bb25px\u00bb][vc_column_text]A\u00f1o tras a\u00f1o nos abre sus puertas para recibir a equipos de todas partes del mundo!<br \/>\nEs una de las instituciones m\u00e1s antiguas del pa\u00eds ya que fue fundada el 11 de noviembre de 1880.[\/vc_column_text][vc_empty_space height=\u00bb35px\u00bb][vc_empty_space height=\u00bb10px\u00bb][\/vc_column][\/vc_row][vc_row css_animation=\u00bb\u00bb row_type=\u00bbrow\u00bb use_row_as_full_screen_section=\u00bbno\u00bb type=\u00bbgrid\u00bb angled_section=\u00bbno\u00bb text_align=\u00bbleft\u00bb background_image_as_pattern=\u00bbwithout_pattern\u00bb css=\u00bb.vc_custom_1724885079626{padding-bottom: 0px !important;}\u00bb z_index=\u00bb\u00bb][vc_column offset=\u00bbvc_col-lg-6 vc_col-md-6 vc_col-xs-12&#8243;][vc_column_text]<\/p>\n<h3><span style=\"color: #ff6600;\">Ubicado frente a los Bosques de Palermo.\u00a0<\/span><\/h3>\n<p>[\/vc_column_text][vc_empty_space height=\u00bb10px\u00bb][vc_column_text]BA Cup se juega en la sede San Mart\u00edn ubicada en la ciudad de Buenos Aires, frente a los hermosos bosques de Palermo. Es la m\u00e1s grande de sus sedes y aparte del f\u00fatbol se practican rugby, hockey sobre c\u00e9sped, tenis, voley, hockey sobre patines, pat\u00edn art\u00edstico y de competencia entre otras disciplinas.[\/vc_column_text][vc_empty_space height=\u00bb20px\u00bb][vc_column_text]El club dispone de 5 canchas de f\u00fatbol 11, adaptables a f\u00fatbol 7 y f\u00fatbol 9 con c\u00e9sped sint\u00e9tico, adem\u00e1s de una cancha central de c\u00e9sped natural, altamente cuidado. Los vestuarios son amplios y est\u00e1n equipados con muebles originales del siglo pasado.[\/vc_column_text][vc_empty_space height=\u00bb40px\u00bb][\/vc_column][vc_column offset=\u00bbvc_col-lg-6 vc_col-md-6 vc_col-xs-12&#8243;][vc_single_image image=\u00bb1388&#8243; img_size=\u00bbfull\u00bb qode_css_animation=\u00bb\u00bb][vc_empty_space height=\u00bb40px\u00bb][\/vc_column][\/vc_row][vc_row css_animation=\u00bb\u00bb row_type=\u00bbrow\u00bb use_row_as_full_screen_section=\u00bbno\u00bb type=\u00bbfull_width\u00bb angled_section=\u00bbno\u00bb text_align=\u00bbleft\u00bb background_image_as_pattern=\u00bbwithout_pattern\u00bb][vc_column width=\u00bb1\/4&#8243;][\/vc_column][vc_column width=\u00bb1\/2&#8243;][\/vc_column][vc_column width=\u00bb1\/4&#8243;][\/vc_column][\/vc_row][vc_row css_animation=\u00bb\u00bb row_type=\u00bbrow\u00bb use_row_as_full_screen_section=\u00bbno\u00bb type=\u00bbfull_width\u00bb angled_section=\u00bbno\u00bb text_align=\u00bbcenter\u00bb video=\u00bbshow_video\u00bb video_overlay=\u00bbshow_video_overlay\u00bb background_image_as_pattern=\u00bbwithout_pattern\u00bb background_image=\u00bb1390&#8243; z_index=\u00bb\u00bb video_mp4=\u00bbhttps:\/\/ba-cup.com\/new\/wp-content\/uploads\/2024\/08\/geba-1.mp4&#8243; css=\u00bb.vc_custom_1725021396204{margin-top: 0px !important;}\u00bb video_overlay_image=\u00bb1403&#8243;][vc_column][vc_empty_space height=\u00bb122px\u00bb][vc_row_inner row_type=\u00bbrow\u00bb type=\u00bbfull_width\u00bb text_align=\u00bbleft\u00bb css_animation=\u00bb\u00bb][vc_column_inner width=\u00bb1\/4&#8243;][\/vc_column_inner][vc_column_inner width=\u00bb1\/2&#8243;][vc_column_text]<\/p>\n<h2 style=\"text-align: center;\"><span style=\"color: #ffffff;\"><span style=\"color: #ff6600;\">Un imponente castillo alberga<\/span> la sede de este Club que fue inaugurado en 1930<\/span><\/h2>\n<p>[\/vc_column_text][\/vc_column_inner][vc_column_inner width=\u00bb1\/4&#8243;][\/vc_column_inner][\/vc_row_inner][vc_row_inner row_type=\u00bbrow\u00bb type=\u00bbgrid\u00bb text_align=\u00bbleft\u00bb css_animation=\u00bb\u00bb css=\u00bb.vc_custom_1724885038088{margin-top: 0px !important;}\u00bb][vc_column_inner width=\u00bb1\/4&#8243;][vc_empty_space][vc_column_text]<\/p>\n<h4 style=\"text-align: center;\"><span style=\"color: #ffffff;\">La estructura conserva detalles de la \u00e9poca<\/span><\/h4>\n<p>[\/vc_column_text][\/vc_column_inner][vc_column_inner width=\u00bb1\/4&#8243;][vc_empty_space][vc_column_text]<\/p>\n<h4 style=\"text-align: center;\"><span style=\"color: #ffffff;\">Pisos de mosaicos negros y blancos<\/span><\/h4>\n<p>[\/vc_column_text][\/vc_column_inner][vc_column_inner width=\u00bb1\/4&#8243;][vc_empty_space][vc_column_text]<\/p>\n<h4 style=\"text-align: center;\"><span style=\"color: #ffffff;\">Ornamentaciones de madera de petirib\u00ed, ara\u00f1as de hierro forjado.<\/span><\/h4>\n<p>[\/vc_column_text][\/vc_column_inner][vc_column_inner width=\u00bb1\/4&#8243;][vc_empty_space][vc_column_text]<\/p>\n<h4><span style=\"color: #ffffff;\">Cuadros de pr\u00f3ceres que adornan sus paredes.<\/span><\/h4>\n<p>[\/vc_column_text][\/vc_column_inner][\/vc_row_inner][vc_empty_space height=\u00bb22px\u00bb][vc_empty_space height=\u00bb22px\u00bb][vc_empty_space height=\u00bb22px\u00bb][vc_row_inner row_type=\u00bbrow\u00bb type=\u00bbgrid\u00bb text_align=\u00bbleft\u00bb css_animation=\u00bb\u00bb][vc_column_inner width=\u00bb1\/6&#8243;][\/vc_column_inner][vc_column_inner width=\u00bb2\/3&#8243;][vc_column_text]<\/p>\n<h4 style=\"text-align: center;\"><span style=\"color: #ffffff;\">El Sal\u00f3n Comedor donde cada d\u00eda los equipos almuerzan tiene pisos de robles, columnas inspiradas en el Palacio de Versalles y grandes ventanales con aplicaciones\u00a0de\u00a0madera.<\/span><\/h4>\n<p>[\/vc_column_text][\/vc_column_inner][vc_column_inner width=\u00bb1\/6&#8243;][\/vc_column_inner][\/vc_row_inner][vc_empty_space height=\u00bb122px\u00bb][\/vc_column][\/vc_row]<\/p>\n<\/div>","protected":false},"excerpt":{"rendered":"<p>[vc_row css_animation=\u00bb\u00bb row_type=\u00bbrow\u00bb use_row_as_full_screen_section=\u00bbno\u00bb type=\u00bbgrid\u00bb angled_section=\u00bbno\u00bb text_align=\u00bbleft\u00bb background_image_as_pattern=\u00bbwithout_pattern\u00bb css=\u00bb.vc_custom_1509629631170{padding-top: 140px !important;padding-bottom: 55px !important;}\u00bb][vc_column offset=\u00bbvc_col-lg-8 vc_col-md-8 vc_col-xs-12&#8243;][vc_single_image image=\u00bb1548&#8243; img_size=\u00bbfull\u00bb qode_css_animation=\u00bb\u00bb][vc_empty_space height=\u00bb50px\u00bb][\/vc_column][vc_column offset=\u00bbvc_col-lg-4 vc_col-md-4 vc_col-xs-12&#8243;][vc_column_text] \u00bfD\u00f3nde se realiza BA Cup Buenos Aires?&#8230;<\/p>\n","protected":false},"author":2,"featured_media":0,"parent":0,"menu_order":0,"comment_status":"closed","ping_status":"closed","template":"full_width.php","meta":{"footnotes":""},"class_list":["post-232","page","type-page","status-publish","hentry"],"_links":{"self":[{"href":"https:\/\/ba-cup.com\/new\/wp-json\/wp\/v2\/pages\/232","targetHints":{"allow":["GET"]}}],"collection":[{"href":"https:\/\/ba-cup.com\/new\/wp-json\/wp\/v2\/pages"}],"about":[{"href":"https:\/\/ba-cup.com\/new\/wp-json\/wp\/v2\/types\/page"}],"author":[{"embeddable":true,"href":"https:\/\/ba-cup.com\/new\/wp-json\/wp\/v2\/users\/2"}],"replies":[{"embeddable":true,"href":"https:\/\/ba-cup.com\/new\/wp-json\/wp\/v2\/comments?post=232"}],"version-history":[{"count":16,"href":"https:\/\/ba-cup.com\/new\/wp-json\/wp\/v2\/pages\/232\/revisions"}],"predecessor-version":[{"id":1550,"href":"https:\/\/ba-cup.com\/new\/wp-json\/wp\/v2\/pages\/232\/revisions\/1550"}],"wp:attachment":[{"href":"https:\/\/ba-cup.com\/new\/wp-json\/wp\/v2\/media?parent=232"}],"curies":[{"name":"wp","href":"https:\/\/api.w.org\/{rel}","templated":true}]}}